{"id":5282,"date":"2014-02-01T16:05:57","date_gmt":"2014-02-01T15:05:57","guid":{"rendered":"https:\/\/fr.blogs.cam4.com\/?page_id=5282"},"modified":"2014-02-05T16:30:11","modified_gmt":"2014-02-05T15:30:11","slug":"valentin-contest-2014","status":"publish","type":"page","link":"https:\/\/fr.cam4.com\/blog\/valentin-contest-2014\/","title":{"rendered":"Devenez Mon Valentin Coquin"},"content":{"rendered":"<p><strong>Pr\u00eat \u00e0 vous mettre dans l&#8217;ambiance ? Nous recherchons les plus coquins de la Saint Valentin afin de bourrer leur bo\u00eete aux lettres avec plein de bonnes choses ce jour l\u00e0. Vous souhaitez partager votre amour avec nous ? Voici toutes les informations dont vous avez besoin !<\/strong><\/p>\n<p>Teaser : il ya 8 prix dont des cartes-cadeaux d\u2019Amazon, des jetons et quelque chose de coquin \u00e0 gagner \ud83d\ude09<\/p>\n<p><strong>Comment participer:<\/strong><\/p>\n<p><strong>1 . Il suffit d\u2019uploader vos photos ayant pour th\u00e8me le jour de la Saint-Valentin \u00e0 votre profil sur cam4.com avec &#8220;# vday2014 &#8221; dans le champ Description du fichier.<\/strong><\/p>\n<p><strong>2 . Votre image sera automatiquement t\u00e9l\u00e9charg\u00e9e dans le tableau de photo pour la Saint-Valentin<\/strong><\/p>\n<p><strong>3 . Envoyez autant de photos que vous le souhaitez, c\u2019est aussi simple que cela.<\/strong><\/p>\n<p><a class=\"xl\" href=\"https:\/\/www.cam4.com\/valentines2014\" target=\"_blank\">Consultez notre tableau de photos pour voir toute la cat\u00e9gorie Saint Valentin<\/a><\/p>\n<p>Le 17 F\u00e9vrier, nous annoncerons les gagnants de toutes les 4 cat\u00e9gories &#8211; il y a des prix distincts pour les deux gars et les filles, ce qui signifie que 8 personnes emporteront chez eux des prix amusants \ud83d\ude09<\/p>\n<p>Voici les quatre cat\u00e9gories que nous allons juger \u2013 choisissez l\u2019un d\u2019eux ou choisissez-les tous.<\/p>\n<h2>Le Gagnant de la Saint Valentin 2014 selon le spectateur: 500 jetons<\/h2>\n<p>Le 10 F\u00e9vrier \u00e0 12h00 HNE (midi) nous d\u00e9voilerons les 10 meilleures photos sur la base de la cr\u00e9ativit\u00e9, de la romance, l\u2019\u00e9laboration, et du divertissement. Ensuite, nous accueillons toutes les 10 photos sur le blog avec un sondage. Les spectateurs voteront pour celui qu\u2019ils souhaitent voir couronn\u00e9 Le Gagnant de la Saint Valentin 2014 selon le spectateur!<\/p>\n<p>Peut-\u00eatre que vous avez recouvert votre corps tout entier de brillant et avez enfil\u00e9 un costume de Cupidon avec arc et fl\u00e8che. Ou vous avez encord\u00e9s un \u00eatre cher (ou un copain de baise vraiment mignon) dans une s\u00e9ance photo incluant du champagne, des p\u00e9tales de rose, et des corps recouverts de chocolat.. avec vos jouets sexuels. Il suffit de vous y mettre et le rendre encore meilleur ce jour de la Saint Valentin!<\/p>\n<h2>Meilleur Fantaisiste de la Saint-Valentin : Carte-cadeau de $50 chez Amazon<\/h2>\n<p>Faites parler votre imagination \u2013 avec pour th\u00e8me la Saint Valentin bien sur. Et je ne veux pas dire les fleurs et les fantasmes incluant du chocolat \ud83d\ude09 Attachez votre amant ou transformez vos bougies romantiques en des gouttes de cire chaude sur vous ou votre victime. Vous \u00eates c\u00e9libataire ? Si vous voulez aller plus loin dans vos s\u00e9ances photo, c&#8217;est le moment. Montrez-nous ce qui vous allume en ce jour de passion, d\u2019amour, ou de bizarrerie.<\/p>\n<h2>Meilleur Couple de la Saint-Valentin : Carte-cadeau de $50 chez Amazon<\/h2>\n<p>Ce concours est pour les tourtereaux &#8211; partager votre intime et passionnante nuit de la Saint-Valentin avec CAM4. Nouveaux jouets sexuels, un lit de p\u00e9tales de roses, peut-\u00eatre un nouveau partenaire pour un m\u00e9nage \u00e0 trois pour la nuit ? Je sais que les couples qui diffusent ensemble auront le meilleur sexe de Saint Valentin, alors montrez votre amour et gagnez un peu d&#8217;argent de poche !<\/p>\n<h2>Les Plus Fantaisistes de la Saint Valentin : des cadeaux encore plus coquins sign\u00e9s Stockroom<\/h2>\n<p>Vous avez demand\u00e9 plus de concours de f\u00e9tichiste, alors en voici un. Eclatez-vous et partagez le car la Saint Valentin n&#8217;est pas seulement pour les couples types. Tous les f\u00e9tichistes sont les bienvenus \ud83d\ude09<\/p>\n<p>&nbsp;<\/p>\n<p><b><i>R\u00e8glement du concours<\/i><\/b><\/p>\n<p><em>1 . Pour participer au concours Sois Mon Valentin Coquin, vous devez avoir un compte Cam4.<\/em><br \/>\n<em>2 . Vous pouvez faire votre application \u00e0 partir du 5 f\u00e9vrier 2014, en uploadant une photo de vous sur le th\u00e8me de la Saint Valentin sur votre profil de cam4.com. Vous devez inclure &#8220;# vday2014 &#8221; dans la description de la photo. Les soumissions seront ferm\u00e9es \u00e0 23h59 HNE le 14 F\u00e9vrier.<\/em><br \/>\n<em>3 . Pour participer \u00e0 la cat\u00e9gorie Le Gagnant de la Saint Valentin 2014 selon le spectateur, les photos doivent \u00eatre soumises avant le 10 f\u00e9vrier 2014 \u00e0 11:00 HNE.<\/em><br \/>\n<em>4 . Les photos doivent comporter le th\u00e8me de la Saint Valentin.<\/em><br \/>\n<em>5 . Les gagnants seront annonc\u00e9s pour les quatre (4) cat\u00e9gories le 17 F\u00e9vrier. Les prix sont comme suit :Choix du spectateur : 500 jetons. Le Valentin le plus Coquin : Prix Stockroom. Meilleur couple de la Saint Valentin : Carte-cadeau de $50 chez Amazon. Les plus Fantaisistes de la Saint Valentin : Carte-cadeau de $50 chez Amazon.<\/em><br \/>\n<em>6 . Seules les photos upload\u00e9es sur des profils de cam4.com seront soumises. Les photos de blog ou des photos re\u00e7ues via les m\u00e9dias sociaux ou par courriel ne seront pas accept\u00e9es.<\/em><br \/>\n<em>7 . Pendant le concours, toutes les photos avec le tag # vday2014 seront h\u00e9berg\u00e9es sur cam4.com\/valentines2014 .<\/em><br \/>\n<em>8 . Les participants peuvent inscrire autant de photos qu&#8217;ils le souhaitent.<\/em><br \/>\n<em>9 . Vos photos peuvent \u00eatre utilis\u00e9es dans les campagnes de marketing et productions commerciales licenci\u00e9es par CAM4.<\/em><br \/>\n<em>10 . En participant \u00e0 ce concours, vous vous engagez \u00e0 garantir et \u00e0 d\u00e9dommager Cam4.com , ses propri\u00e9taires et ses soci\u00e9t\u00e9s affili\u00e9es, contre toutes les r\u00e9clamations de responsabilit\u00e9 et vous consentez \u00e0 accorder une licence \u00e0 Cam4.com des droits \u00e0 votre requ\u00eate de Demande et Contestation soumises. Vous acceptez de signer des documents juridiques \u00e0 cet effet au moment o\u00f9 vous faites la demande de participation \u00e0 ce concours.<\/em><br \/>\n<em>11 . Cam4.com ne fait aucune garantie que votre identit\u00e9 sera gard\u00e9e. Tout effort pour pr\u00e9server votre anonymat sera respect\u00e9, mais ce que vous montrez \u00e0 la cam\u00e9ra sera disponible pour tous les spectateurs du site Cam4, et o\u00f9 Cam4 affiche son contenu sous licence incluant vos performances.<\/em><\/p>\n<p>&nbsp;<\/p>\n<p><!--[if gte mso 9]&gt;--><\/p>\n","protected":false},"excerpt":{"rendered":"<p><strong>Pr\u00eat \u00e0 vous mettre dans l&#8217;ambiance ? Nous recherchons les plus coquins de la Saint Valentin afin de bourrer leur bo\u00eete aux lettres<\/p>\n","protected":false},"author":6,"featured_media":5415,"parent":0,"menu_order":0,"comment_status":"open","ping_status":"open","template":"","meta":[],"_links":{"self":[{"href":"https:\/\/fr.cam4.com\/blog\/wp-json\/wp\/v2\/pages\/5282"}],"collection":[{"href":"https:\/\/fr.cam4.com\/blog\/wp-json\/wp\/v2\/pages"}],"about":[{"href":"https:\/\/fr.cam4.com\/blog\/wp-json\/wp\/v2\/types\/page"}],"author":[{"embeddable":true,"href":"https:\/\/fr.cam4.com\/blog\/wp-json\/wp\/v2\/users\/6"}],"replies":[{"embeddable":true,"href":"https:\/\/fr.cam4.com\/blog\/wp-json\/wp\/v2\/comments?post=5282"}],"version-history":[{"count":0,"href":"https:\/\/fr.cam4.com\/blog\/wp-json\/wp\/v2\/pages\/5282\/revisions"}],"wp:featuredmedia":[{"embeddable":true,"href":"https:\/\/fr.cam4.com\/blog\/wp-json\/wp\/v2\/media\/5415"}],"wp:attachment":[{"href":"https:\/\/fr.cam4.com\/blog\/wp-json\/wp\/v2\/media?parent=5282"}],"curies":[{"name":"wp","href":"https:\/\/api.w.org\/{rel}","templated":true}]}}