{"id":49444,"date":"2025-12-19T10:11:50","date_gmt":"2025-12-19T09:11:50","guid":{"rendered":"https:\/\/fr.cam4.com\/blog\/?page_id=49444"},"modified":"2025-12-31T10:41:11","modified_gmt":"2025-12-31T09:41:11","slug":"concours-cadeaux-cam4-xxxmas-du-15-au-30-decembre","status":"publish","type":"page","link":"https:\/\/fr.cam4.com\/blog\/concours-cadeaux-cam4-xxxmas-du-15-au-30-decembre\/","title":{"rendered":"Concours cadeaux CAM4 XXXMas (du 15 au 30 d\u00e9cembre)"},"content":{"rendered":"<h2><img loading=\"lazy\" class=\"alignnone size-full wp-image-62902 aligncenter\" src=\"http:\/\/performers.cam4.com\/wp-content\/uploads\/unnamed.jpg\" width=\"1080\" height=\"608\"><\/h2>\n<h3 style=\"text-align: center;\"><span class=\"tlid-translation translation\" lang=\"fr\"><span class=\"\" title=\"\">Nous savons tous combien il est agr\u00e9able de recevoir des cadeaux \u00e0 cette p\u00e9riode de l&#8217;ann\u00e9e\u2026 mais les recevoir sur CAM4 est encore mieux\u202f!<\/span><br \/>\n<span class=\"\" title=\"\">Cette ann\u00e9e, en collectant des cadeaux CAM4, vous pouvez gagner jusqu&#8217;\u00e0 500$!<\/span><\/span><\/h3>\n<h2 style=\"text-align: center;\">\u2744 10 Prix CAM4 France, Suisse, Belgique \u2744<\/h2>\n<p style=\"text-align: center;\">1\u00ba prix<strong>&nbsp;300$<\/strong><br \/>\n2\u00ba prix&nbsp;: <strong>200$<\/strong><br \/>\n3\u00ba prix&nbsp;:<strong>&nbsp;150$<\/strong><br \/>\n4\u00ba prix&nbsp;:<strong> 100$<br \/>\n<\/strong>5\u00ba prix&nbsp;: 7<strong>0$<\/strong><br \/>\n6\u00ba prix&nbsp;: 6<strong>0$<\/strong><br \/>\n7\u00ba prix&nbsp;: <strong>50$<\/strong><br \/>\n8\u00ba prix&nbsp;: <strong>40$<br \/>\n<\/strong>9\u00ba prix&nbsp;: <strong>30$<br \/>\n<\/strong>10\u00ba prix&nbsp;: <strong>25$<\/strong><\/p>\n<p style=\"text-align: center;\">Classement Final<br \/>\nfelinae<br \/>\ndreamloveme<br \/>\nmimcy<br \/>\njade574<br \/>\nmamamia93m<br \/>\nlittlefrenchie<br \/>\npeitho_france<br \/>\nhugo4k<br \/>\nalicenguyen<br \/>\nlibellule29<\/p>\n<p style=\"text-align: center;\"><img loading=\"lazy\" class=\"aligncenter size-full wp-image-39994\" src=\"http:\/\/performers.cam4.com\/wp-content\/uploads\/fancygift.png\" alt=\"\" width=\"100\" height=\"100\"><\/p>\n<h2 style=\"text-align: center;\"><span class=\"tlid-translation translation\" lang=\"fr\"><span class=\"\" title=\"\">Les prix seront d\u00e9cern\u00e9s aux webcameur(se)s inscrit(e)s qui du&nbsp;15 au 30 d\u00e9cembre <\/span><\/span><span class=\"tlid-translation translation\" lang=\"fr\"><span class=\"\" title=\"\">gagneront le plus de jetons en collectant le cadeau CAM4 de la cat\u00e9gorie suivante :&nbsp;<\/span><\/span>&nbsp;XXXMas<\/h2>\n<h1 style=\"text-align: center;\"><img loading=\"lazy\" class=\"aligncenter size-full wp-image-39993\" src=\"http:\/\/performers.cam4.com\/wp-content\/uploads\/gifts-cam4.jpg\" alt=\"\" width=\"664\" height=\"191\"><\/h1>\n<h2 style=\"text-align: center;\"><em><span class=\"tlid-translation translation\" lang=\"fr\"><span class=\"\" title=\"\">INSCRIVEZ-VOUS pour participer,<\/span><br \/>\n<span class=\"\" title=\"\">faites le plein de cadeaux pour gagner\u202f!<\/span><\/span><\/em><\/h2>\n<h2 style=\"text-align: center;\">~ Inscriptions ouvertes ~<br \/>\n<a href=\"https:\/\/docs.google.com\/forms\/d\/e\/1FAIpQLSeVbq9nG53DI_xu-96UFdS5tzhFlwVle-w7vpB8LidQMCdwBQ\/viewform?usp=header\">Cliquez ici pour vous inscrire<\/a><\/h2>\n<h2 style=\"text-align: center;\"><\/h2>\n<h2 style=\"text-align: center;\"><strong><a href=\"https:\/\/docs.google.com\/forms\/d\/e\/1FAIpQLSeVbq9nG53DI_xu-96UFdS5tzhFlwVle-w7vpB8LidQMCdwBQ\/viewform?usp=header\"><img loading=\"lazy\" src=\"http:\/\/performers.cam4.com\/wp-content\/uploads\/Capture-d\u2019\u00e9cran-2025-12-09-162210.jpg\" alt=\"\" width=\"510\" height=\"463\"><\/a><br \/>\n<\/strong><\/h2>\n<p style=\"text-align: center;\">Ajouter cette banni\u00e8re sur votre profil pour indiquer \u00e0 vos fans que vous participez au concours&nbsp;:<\/p>\n<p style=\"text-align: center;\"><img loading=\"lazy\" class=\"alignnone size-full wp-image-62901\" src=\"http:\/\/performers.cam4.com\/wp-content\/uploads\/FR-Help-me-win-banner-XXXmas-gift-contest-2023.gif\" alt=\"\" width=\"800\" height=\"264\"><\/p>\n<p style=\"text-align: center;\"><em><strong><br \/>\n_______________________________________<\/strong><\/em><\/p>\n<div class=\"text-wrap tlid-copy-target\" style=\"text-align: center;\">\n<h3 class=\"result-shield-container tlid-copy-target\" tabindex=\"0\"><span class=\"tlid-translation translation\" lang=\"fr\"><span class=\"\" title=\"\">Voici quelques conseils pour rapporter un des prix \u00e0 la maison&nbsp;: <\/span><\/span><\/h3>\n<\/div>\n<p style=\"text-align: center;\"><span class=\"tlid-translation translation\" lang=\"fr\"><span class=\"\" title=\"\">\u2744 Faites savoir \u00e0 vos followers que vous \u00eates dans la course en l&#8217;\u00e9crivant sur votre profil et en ins\u00e9rant la banni\u00e8re sur votre bio et sur vos r\u00e9seaux sociaux<\/span><br \/>\n<span class=\"\" title=\"\">\u2744 Demandez des cadeaux XXXmas au lieu de jetons<\/span><br \/>\n<span title=\"\">\u2744 Organisez une vente promotionnelle de vos vid\u00e9os, en les envoyant en \u00e9change de cadeaux<\/span><br \/>\n<span class=\"\" title=\"\">\u2744 Organiser des loteries ou des shows sp\u00e9ciaux<\/span><\/span><\/p>\n<p style=\"text-align: center;\"><img loading=\"lazy\" class=\"aligncenter size-full wp-image-33951\" src=\"http:\/\/performers.cam4.com\/wp-content\/uploads\/christmas-stockings.png\" alt=\"\" width=\"100\" height=\"100\"><\/p>\n<p class=\"auto-cursor-target\" style=\"text-align: center;\"><span class=\"tlid-translation translation\" lang=\"fr\"><span class=\"\" title=\"\">Et n&#8217;oubliez pas d&#8217;offrir \u00e0 vos fans un show m\u00e9morable en suivant nos conseils<\/span><\/span> <a href=\"https:\/\/www.cam4.com\/training\/augmentez-vos-voyeurs\/noel-sexy-sur-cam4-en-3-etapes\">&lt;&lt;cliquez ici!&gt;&gt;<\/a><\/p>\n<h2 style=\"text-align: center;\">____________________________________<\/h2>\n<h2 class=\"auto-cursor-target\" style=\"text-align: center;\"><strong>~ R\u00e8glement<\/strong><\/h2>\n<p style=\"text-align: center;\"><strong><em><span class=\"tlid-translation translation\" lang=\"fr\"><span class=\"\" title=\"\">1. Seuls les webcameur(se)s ayant des comptes approuv\u00e9s pourront participer et doivent diffuser depuis la France, la Suisse ou la Belgique (Adresse IP)<\/span>.<br \/>\n<span class=\"\" title=\"\">2. Les gagnants seront ceux qui auront collect\u00e9 le plus de jetons gr\u00e2ce aux cadeaux Cam4 de la cat\u00e9gorie &#8220;XXXMas&#8221;&nbsp;<\/span><\/span><\/em><\/strong><strong><em><span class=\"tlid-translation translation\" lang=\"fr\"><span class=\"\" title=\"\">(pas le plus grand nombre de cadeaux).<\/span><br \/>\n<span title=\"\">3. Les \u00e9changes de cadeaux entre webcameur(se)s ou le transfert de jetons entre comptes ne sont pas autoris\u00e9s afin de modifier les r\u00e9sultats du concours.<\/span><br \/>\n<span title=\"\">4. Un maximum de 6000 jetons par voyeurs sera compt\u00e9 (par exemple, si vous gagnez 7000 jetons en cadeaux XXXMas avec le m\u00eame tippeur, un maximum de 6000 jetons sera compt\u00e9 pour ce tippeur).<\/span><br \/>\n5<span title=\"\">. Il est possible de s&#8217;inscrire au concours m\u00eame apr\u00e8s le 16 d\u00e9cembre.<\/span> <span title=\"\">Cependant, la collecte des cadeaux commencera au moment de l&#8217;inscription.<br \/>\n<\/span><\/span><\/em><\/strong><strong><em><span class=\"tlid-translation translation\" lang=\"fr\">6. Les inscriptions se termineront le 22 d\u00e9cembre.<br \/>\n7. Minimum de 10h de diffusion pendant le concours.<\/span><\/em><\/strong><\/p>\n<p style=\"text-align: center;\"><span title=\"\">* Heure du serveur&nbsp;: le comptage des cadeaux commencera en France, Suisse et Belgique \u00e0 partir de 5h00 le 15 d\u00e9cembre et se terminera \u00e0 5h00 le 31 d\u00e9cembre.<\/span><\/p>\n<p style=\"text-align: center;\"><strong>Participant(e)s :<\/strong><\/p>\n<p style=\"text-align: center;\">thepiratefr<br \/>\nmatrax00<br \/>\nZabu09<br \/>\nLuluchatte<br \/>\nmrmrsx_xxx<br \/>\nLolachouX<br \/>\nLibellule29<br \/>\nnicolas1904<br \/>\nMimcy<br \/>\nlapetitesoumis<br \/>\nBellemasquer<br \/>\nLili12456<br \/>\nJoysexy22<br \/>\nBilinda31<br \/>\nestellekokine<br \/>\nbruunalove_<br \/>\nlovelydolly<br \/>\ncoquine1966jevoudraisetrelapluscoquinedesamatrices<br \/>\nsesamehot<br \/>\nChloetransative<br \/>\ncindydominax<br \/>\nshashakokine<br \/>\nema_gw<br \/>\nclarala<br \/>\nLili_Bertine<br \/>\nAliceNguyen<br \/>\nOksana_PtiQ<br \/>\nNayaa_rose<br \/>\nbigcocklive02<br \/>\nVanillefraises<br \/>\njessicabella561<br \/>\nHAIRYCHIENNE<br \/>\n_Satsuki_<br \/>\nchatonadorable<br \/>\nPedrofrance2<br \/>\nAsiantina<br \/>\nOriane22<br \/>\nInes190<br \/>\nCaa_minou<br \/>\nMisSmokey<br \/>\nBiancaetKayn<br \/>\nCelynia<br \/>\nLamamiichulaa<br \/>\nJuju-intime<br \/>\nJade574<br \/>\nDAVIDmekcho<br \/>\nElla_Sexee<br \/>\npapillondusud<br \/>\nBubblegum19<br \/>\nVintzsdine<br \/>\namoi7<br \/>\nvandeae35<br \/>\npetitoiseau67<br \/>\ndreamloveme<br \/>\nBoubou4020<br \/>\nhugo4k<br \/>\nMieldouxtendre<br \/>\nhollycheriexxx<br \/>\nSandrah2025<br \/>\nmatty3_fun<br \/>\nadamparis<br \/>\nLinpheia<br \/>\nKittyRossa<br \/>\nLesptilou<br \/>\nSpira777<br \/>\nIbanez_1<br \/>\nbalkis<br \/>\nMelisissy44<br \/>\nbenenzo<br \/>\nXixenaX<br \/>\njohn_for_cam<br \/>\nLilouDomFet<br \/>\nSweet_n_spicy<br \/>\nBunnyCos<br \/>\nbipblip<br \/>\nChattehumide2<br \/>\nsteph19x5<br \/>\nSexywomannnn<br \/>\nSawakoG<br \/>\ntheWitch696<br \/>\nSpartixXx<br \/>\nhelenananana<br \/>\nsam07072<br \/>\nFloraMilano<br \/>\nyourb0i<br \/>\nSaraah34<br \/>\nAlice<br \/>\nGokuZ21<br \/>\nDeepsucker05<br \/>\nmanuella19<br \/>\npichou069<br \/>\nEnjo<br \/>\nLoulou_27<br \/>\nElmajesty44<br \/>\nRig69<br \/>\nMadonnna<br \/>\nFelinae<br \/>\nblackjojo2<br \/>\nLib_ertine3232<br \/>\nMamamia93m<br \/>\nchatoncokinx<br \/>\nbulle-revee<br \/>\nKev1818<br \/>\nMarina_<br \/>\nTania02<br \/>\njeunepapa85<br \/>\nFemboyluxe<br \/>\nlolacharly<br \/>\nDanii_Sexyy<br \/>\nOulalamature<br \/>\ncharmeuse59<br \/>\nR000000009<br \/>\nabbigael<br \/>\nLepetitnicolas<br \/>\nMorgane91<br \/>\nLeMasqueAPlumes<br \/>\nAxelle94i<br \/>\nViril0001<br \/>\nBachjulylive<br \/>\npetiteSophie<br \/>\nhot_girl27<br \/>\nmekcho92000<br \/>\nJhoannah<br \/>\nBluechoco<br \/>\nLittlefrenchie<br \/>\nDaeneris52<br \/>\n_jelaime_<br \/>\ntreza16<br \/>\nMzssiveck08<br \/>\nKRISS206<br \/>\nJoy_s_couple<br \/>\nAliceNguen<br \/>\nSandraaaxxx<br \/>\nMercibeaucoup<br \/>\nRylou1<br \/>\nslut_mic1<br \/>\nPeitho_france<br \/>\nCindyetLud<br \/>\nLaCoquineSonia<br \/>\nKelssy<br \/>\nHedonie<br \/>\nlecochonsexy1<br \/>\nAlky76<br \/>\nbrownladdy<br \/>\ngrossexdu60<br \/>\nVladetmina<br \/>\nMaria07<br \/>\nJeanbon64<br \/>\nrafpais<br \/>\nMicka3043<br \/>\nCasseluileq<br \/>\njulia14000<br \/>\nHeaakou<br \/>\nAffamebi<br \/>\nRasolofomanana<br \/>\nCaa-minou<br \/>\nWinniess40<br \/>\nLoveopenhole<br \/>\nMdelborrello8<br \/>\nKatchynka<br \/>\nmdlimo87<br \/>\nCalou844<br \/>\nsexyfeetany<br \/>\nReinealine<br \/>\nBelladonna03<br \/>\nmecome2<br \/>\nJusteNousDeux<br \/>\nTotalslave<br \/>\ndaphnebby<br \/>\nDesiree1951<br \/>\nFantasy9696<br \/>\ndaisy_fx<br \/>\nDraxs<br \/>\nChanelXcam<br \/>\nCandyy18<br \/>\nmaxou140<br \/>\nKittoucharme<br \/>\nLajess<br \/>\njojodu81<br \/>\nambreyxes<br \/>\nIncognito601<br \/>\ncricri502<br \/>\nMasssquirt<br \/>\npooolup<br \/>\nFabien<br \/>\njc83170<br \/>\nJoe5olb<br \/>\nspeedrdx<br \/>\nDeesse_Luna<br \/>\nZeKia92<br \/>\nLadouxCoeur<br \/>\nJolietatouer<br \/>\nxllblack<br \/>\nBabyboy2021xxx<br \/>\nluisetrav<br \/>\nCoupleopen64<br \/>\nKeviiios<br \/>\nJhsugarbabypass<br \/>\nAngebleu329<br \/>\nLartistocrate34<br \/>\nCrispi09<br \/>\nEsmedeco<br \/>\nCouplebibdx<\/p>\n","protected":false},"excerpt":{"rendered":"<p>Nous savons tous combien il est agr\u00e9able de recevoir des cadeaux \u00e0 cette p\u00e9riode de l&#8217;ann\u00e9e\u2026 mais les recevoir sur CAM4 est encore<\/p>\n","protected":false},"author":1,"featured_media":0,"parent":0,"menu_order":0,"comment_status":"closed","ping_status":"closed","template":"","meta":[],"_links":{"self":[{"href":"https:\/\/fr.cam4.com\/blog\/wp-json\/wp\/v2\/pages\/49444"}],"collection":[{"href":"https:\/\/fr.cam4.com\/blog\/wp-json\/wp\/v2\/pages"}],"about":[{"href":"https:\/\/fr.cam4.com\/blog\/wp-json\/wp\/v2\/types\/page"}],"author":[{"embeddable":true,"href":"https:\/\/fr.cam4.com\/blog\/wp-json\/wp\/v2\/users\/1"}],"replies":[{"embeddable":true,"href":"https:\/\/fr.cam4.com\/blog\/wp-json\/wp\/v2\/comments?post=49444"}],"version-history":[{"count":6,"href":"https:\/\/fr.cam4.com\/blog\/wp-json\/wp\/v2\/pages\/49444\/revisions"}],"predecessor-version":[{"id":49473,"href":"https:\/\/fr.cam4.com\/blog\/wp-json\/wp\/v2\/pages\/49444\/revisions\/49473"}],"wp:attachment":[{"href":"https:\/\/fr.cam4.com\/blog\/wp-json\/wp\/v2\/media?parent=49444"}],"curies":[{"name":"wp","href":"https:\/\/api.w.org\/{rel}","templated":true}]}}