{"id":32604,"date":"2020-12-15T13:34:11","date_gmt":"2020-12-15T12:34:11","guid":{"rendered":"https:\/\/www.cam4.fr\/blog\/?page_id=32604"},"modified":"2020-12-29T13:01:50","modified_gmt":"2020-12-29T12:01:50","slug":"bitsafe-nouvelle-methode-de-paiement-disponible-sur-cam4","status":"publish","type":"page","link":"https:\/\/fr.cam4.com\/blog\/bitsafe-nouvelle-methode-de-paiement-disponible-sur-cam4\/","title":{"rendered":"BitSafe &#8211; Nouvelle m\u00e9thode de paiement disponible sur CAM4!"},"content":{"rendered":"<p><video controls=\"controls\" width=\"100%\" height=\"300\"><source src=\"https:\/\/erossite.com\/marketplace\/videos\/cam4coachf\/231297\/\"><\/video><\/p>\n\n\n<p><strong>Bitsafe<\/strong> est le nouveau moyen de paiement qui propose un portefeuille \u00e9lectronique et une carte de d\u00e9bit utilisables aux distributeurs automatiques (retraits d&#8217;esp\u00e8ces) et dans tous les points de vente (achats en magasin).<\/p>\n\n\n\n<p><strong>Montant minimum des demandes de paiement: 50 $<br>Envoi de paiements depuis CAM4: quotidien et gratuit<\/strong><\/p>\n\n\n\n<p><strong>Frais de retrait de n&#8217;importe quel distributeur en EURO: 2 \u20ac<br>Frais de paiement sur des comptes bancaires europ\u00e9ens (EUR SEPA): 0,75 \u20ac<\/strong><\/p>\n\n\n\n<p><strong>CAM4 PROMO<\/strong><br> Le co\u00fbt de la carte Bitsafe est de 29,5 \u20ac par an. Cependant, si vous demandez la carte Bitsafe via le tableau de bord sur CAM4, les 6 premiers mois seront gratuits. De plus, si vous utilisez votre carte Bitsafe pendant les 6 premiers mois, la p\u00e9riode gratuite sera prolong\u00e9e de 18 mois suppl\u00e9mentaires. En d&#8217;autres termes : si vous utilisez votre compte et votre carte Bitsafe, vous n&#8217;aurez pas \u00e0 payer de cotisation annuelle pendant les 2 premi\u00e8res ann\u00e9es\u202f!<\/p>\n\n\n\n<p>Pour profiter de la promotion CAM4, entrez le nom et le pr\u00e9nom du titulaire du nouveau compte BitSafe (le titulaire doit avoir t\u00e9l\u00e9charg\u00e9 ses documents dans le tableau de bord) puis cliquez ci-dessous pour demander une nouvelle carte Bitsafe et cr\u00e9er votre compte.<\/p>\n\n\n\n<div class=\"wp-block-image\"><figure class=\"aligncenter\"><img loading=\"lazy\" width=\"846\" height=\"629\" src=\"https:\/\/www.cam4.fr\/blog\/wp-content\/blogs.dir\/5\/files\/2020\/12\/bitsafe1.jpg\" alt=\"\" class=\"wp-image-32601\" srcset=\"https:\/\/fr.cam4.com\/blog\/wp-content\/blogs.dir\/5\/files\/2020\/12\/bitsafe1.jpg 846w, https:\/\/fr.cam4.com\/blog\/wp-content\/blogs.dir\/5\/files\/2020\/12\/bitsafe1-300x223.jpg 300w, https:\/\/fr.cam4.com\/blog\/wp-content\/blogs.dir\/5\/files\/2020\/12\/bitsafe1-768x571.jpg 768w\" sizes=\"(max-width: 846px) 100vw, 846px\" \/><\/figure><\/div>\n\n\n\n<h2>I. CR\u00c9ATION DE VOTRE COMPTE BITSAFE \u00e0 partir du Tableau de bord webcameur(se) CAM4<\/h2>\n\n\n\n<p>Apr\u00e8s avoir saisi le nom et le pr\u00e9nom du titulaire dans le tableau de bord et cliqu\u00e9 sur le lien pour demander une Nouvelle Carte Bitsafe, une nouvelle fen\u00eatre s&#8217;ouvrira sur le site BitSafe.com pour la cr\u00e9ation d&#8217;un nouveau compte via CAM4.<br><\/p>\n\n\n\n<figure class=\"wp-block-image\"><img src=\"https:\/\/it.cam4.com\/blog\/wp-content\/blogs.dir\/3\/files\/2020\/12\/register-1024x615.png\" alt=\"\" class=\"wp-image-37976\"\/><\/figure>\n\n\n\n<p><br>Saisissez toutes les donn\u00e9es requises (nom, num\u00e9ro de portable, adresse e-mail, etc \u2026). V\u00e9rifiez l&#8217;adresse e-mail fournie, puis v\u00e9rifiez l&#8217;e-mail d&#8217;activation en cliquant sur le lien en bas de l&#8217;e-mail.<\/p>\n\n\n\n<figure class=\"wp-block-image\"><img src=\"https:\/\/it.cam4.com\/blog\/wp-content\/blogs.dir\/3\/files\/2020\/12\/confirmation-email-bitsafe-EN-in-your-mail-box-1024x633.jpg\" alt=\"\" class=\"wp-image-37977\"\/><\/figure>\n\n\n\n<figure class=\"wp-block-image\"><img src=\"https:\/\/it.cam4.com\/blog\/wp-content\/blogs.dir\/3\/files\/2020\/12\/confirmation-after-email-going-to-the-app.jpg\" alt=\"\" class=\"wp-image-37980\"\/><\/figure>\n\n\n\n<p><br>T\u00e9l\u00e9chargez maintenant l&#8217;application BitSafe disponible sur la boutique Android et sur l&#8217;App Store de iOS (iPhone).<\/p>\n\n\n\n<figure class=\"wp-block-image\"><img src=\"https:\/\/it.cam4.com\/blog\/wp-content\/blogs.dir\/3\/files\/2020\/12\/bitsafe-app-941x1024.png\" alt=\"\" class=\"wp-image-37979\"\/><\/figure>\n\n\n\n<p>Scannez le code QR re\u00e7u pour associer votre compte Web \u00e0 l&#8217;application et l&#8217;autoriser. Choisissez un code de s\u00e9curit\u00e9 pour acc\u00e9der \u00e0 l&#8217;application (n&#8217;oubliez pas de m\u00e9moriser votre code !!!).<\/p>\n\n\n\n<h2>II. V\u00c9RIFIEZ VOTRE COMPTE sur BitSafe.com et depuis l&#8217;application pour demander la carte<\/h2>\n\n\n\n<p>Depuis le site Web Bitsafe.com (pas depuis l&#8217;application), vous pouvez maintenant demander une carte de d\u00e9bit BitSafe en cliquant sur &#8220;Apply now&#8221;.<\/p>\n\n\n\n<figure class=\"wp-block-image\"><img src=\"https:\/\/it.cam4.com\/blog\/wp-content\/blogs.dir\/3\/files\/2020\/12\/apply.jpg\" alt=\"\" class=\"wp-image-37970\"\/><\/figure>\n\n\n\n<p><strong>I. Confirmez vos coordonn\u00e9es et votre adresse de livraison<\/strong><\/p>\n\n\n\n<p><strong>II. Choisissez un code PIN \u00e0 4 chiffres pour votre carte Bitsafe. N&#8217;oubliez pas de m\u00e9moriser le code PIN choisi !!!<\/strong><\/p>\n\n\n\n<figure class=\"wp-block-image\"><img src=\"https:\/\/it.cam4.com\/blog\/wp-content\/blogs.dir\/3\/files\/2020\/12\/pin.jpg\" alt=\"\" class=\"wp-image-37971\"\/><\/figure>\n\n\n\n<p><strong>III. Pour terminer la demande, entrez le code de v\u00e9rification \u00e0 6 chiffres envoy\u00e9 par SMS sur votre t\u00e9l\u00e9phone mobile.<\/strong><\/p>\n\n\n\n<figure class=\"wp-block-image\"><img src=\"https:\/\/it.cam4.com\/blog\/wp-content\/blogs.dir\/3\/files\/2020\/12\/codice-conferma.jpg\" alt=\"\" class=\"wp-image-37973\"\/><\/figure>\n\n\n\n<p><strong>V\u00c9RIFIEZ L&#8217;ADRESSE sur BiteSafe.com<\/strong><br>Apr\u00e8s avoir demand\u00e9 la carte Bitsafe depuis votre compte sur le Web, vous devrez t\u00e9l\u00e9charger une photo ou un scan lisible d&#8217;une facture (par exemple gaz, \u00e9lectricit\u00e9, internet \u2026) indiquant le nom et le pr\u00e9nom du titulaire et l&#8217;adresse (Upload Utility Bill).<\/p>\n\n\n\n<p><strong>V\u00c9RIFIER L&#8217;IDENTIT\u00c9 via APP<\/strong><br> Pour la v\u00e9rification d&#8217;identit\u00e9, il sera n\u00e9cessaire de t\u00e9l\u00e9charger une photo de votre document valide via l&#8217;application et, par la suite, de scanner votre visage \u00e0 l&#8217;aide de l&#8217;appareil photo de votre t\u00e9l\u00e9phone pour la reconnaissance faciale. N&#8217;oubliez pas d&#8217;effectuer des mouvements circulaires de votre visage en suivant les instructions donn\u00e9es, il peut \u00eatre n\u00e9cessaire de r\u00e9p\u00e9ter l&#8217;op\u00e9ration. Nous vous recommandons d&#8217;effectuer cette \u00e9tape sous un bon \u00e9clairage.<\/p>\n\n\n\n<p>Une fois les 2 processus de v\u00e9rification termin\u00e9s, vous recevrez un e-mail avec la confirmation d&#8217;approbation du compte.<\/p>\n\n\n\n<p>NB. Si vous avez demand\u00e9 la carte via le tableau de bord CAM4 (en saisissant votre nom et en cliquant sur le lien de demande), <strong>VOUS NE POUVEZ PAYEREZ PAS LE CO\u00dbT ANNUEL DE 30 EUR<\/strong> pour l&#8217;activation du compte.<\/p>\n\n\n\n<p>Attendez l&#8217;e-mail de confirmation d&#8217;exp\u00e9dition de la carte et une fois que vous avez re\u00e7u votre carte BitSafe, vous pouvez envoyer les fonds disponibles depuis CAM4 vers votre compte BitSafe. Le d\u00e9lai d&#8217;exp\u00e9dition et de r\u00e9ception de la carte est d&#8217;environ 7 \u00e0 14 jours ouvrables.<\/p>\n\n\n\n<p>En cas de probl\u00e8me avec l&#8217;approbation ou la non-r\u00e9ception de la carte, veuillez \u00e9crire au support BitSafe: <strong>support@bitsafe.com<\/strong><\/p>\n","protected":false},"excerpt":{"rendered":"<\/p>\n<p><strong>Bitsafe<\/strong> est le nouveau moyen de paiement qui propose un portefeuille \u00e9lectronique et une carte de d\u00e9bit utilisables aux distributeurs automatiques (retraits<\/p>\n","protected":false},"author":1,"featured_media":0,"parent":0,"menu_order":0,"comment_status":"closed","ping_status":"closed","template":"","meta":[],"_links":{"self":[{"href":"https:\/\/fr.cam4.com\/blog\/wp-json\/wp\/v2\/pages\/32604"}],"collection":[{"href":"https:\/\/fr.cam4.com\/blog\/wp-json\/wp\/v2\/pages"}],"about":[{"href":"https:\/\/fr.cam4.com\/blog\/wp-json\/wp\/v2\/types\/page"}],"author":[{"embeddable":true,"href":"https:\/\/fr.cam4.com\/blog\/wp-json\/wp\/v2\/users\/1"}],"replies":[{"embeddable":true,"href":"https:\/\/fr.cam4.com\/blog\/wp-json\/wp\/v2\/comments?post=32604"}],"version-history":[{"count":4,"href":"https:\/\/fr.cam4.com\/blog\/wp-json\/wp\/v2\/pages\/32604\/revisions"}],"predecessor-version":[{"id":33258,"href":"https:\/\/fr.cam4.com\/blog\/wp-json\/wp\/v2\/pages\/32604\/revisions\/33258"}],"wp:attachment":[{"href":"https:\/\/fr.cam4.com\/blog\/wp-json\/wp\/v2\/media?parent=32604"}],"curies":[{"name":"wp","href":"https:\/\/api.w.org\/{rel}","templated":true}]}}