{"id":30572,"date":"2020-05-06T17:09:15","date_gmt":"2020-05-06T15:09:15","guid":{"rendered":"https:\/\/www.cam4.fr\/blog\/?page_id=30572"},"modified":"2020-05-06T17:09:16","modified_gmt":"2020-05-06T15:09:16","slug":"cam4-retablit-la-verite-dans-les-accusations-de-failles-de-securite-de-ses-serveurs","status":"publish","type":"page","link":"https:\/\/fr.cam4.com\/blog\/cam4-retablit-la-verite-dans-les-accusations-de-failles-de-securite-de-ses-serveurs\/","title":{"rendered":"CAM4 r\u00e9tablit la v\u00e9rit\u00e9 dans les accusations de failles de s\u00e9curit\u00e9 de ses serveurs"},"content":{"rendered":"<p>Hier (lundi 4 mai), plusieurs articles ont \u00e9t\u00e9 publi\u00e9s dans plusieurs m\u00e9dias rapportant qu&#8217;un peu moins de 11 millions de fichiers CAM4 avaient \u00e9t\u00e9 expos\u00e9s en raison d&#8217;une faille de s\u00e9curit\u00e9. CAM4 avait \u00e9t\u00e9 initialement inform\u00e9 de cette violation par SafetyDetectives.com, une communaut\u00e9 en ligne d&#8217;experts en s\u00e9curit\u00e9 qui bloguent sur les logiciels antivirus et les \u00e9v\u00e9nements et la s\u00e9curit\u00e9 des donn\u00e9es.<\/p>\n<p>A notre demande des sp\u00e9cialistes de s\u00e9curit\u00e9 informatique ont \u00e9t\u00e9 d\u00e9ploy\u00e9s imm\u00e9diatement pour une enqu\u00eate plus approfondie, et l&#8217;\u00e9quipe a conclu, sans aucun doute, qu&#8217;absolument aucune information personnellement identifiable, y compris les noms, adresses, e-mails, adresses IP ou donn\u00e9es financi\u00e8res, n&#8217;a \u00e9t\u00e9 expos\u00e9e ou consult\u00e9e de mani\u00e8re inappropri\u00e9e par quiconque en dehors de la soci\u00e9t\u00e9 SafetyDetectives et les Enqu\u00eateurs de la soci\u00e9t\u00e9 CAM4.<\/p>\n<p>En r\u00e9ponse aux tr\u00e8s gros chiffres rapport\u00e9s dans les m\u00e9dias, il est important de noter que les chiffres exacts sont bien inf\u00e9rieurs. Apr\u00e8s notre enqu\u00eate interne, l&#8217;\u00e9quipe de s\u00e9curit\u00e9 de CAM4 a d\u00e9termin\u00e9 que les donn\u00e9es personnelles appartenant seulement \u00e0 93 personnes, ont \u00e9t\u00e9 consult\u00e9 par SafetyDetectives.<\/p>\n<p>CAM4 a imm\u00e9diatement inform\u00e9 tous les utilisateurs, qui ont \u00e9t\u00e9 actifs pendant les 30 jours apr\u00e8s cet \u00e9v\u00e9nement, des mesures qui ont \u00e9t\u00e9 prises pour renforcer et s\u00e9curiser leurs comptes.<\/p>\n<p>En r\u00e9sum\u00e9, il n&#8217;y a eu aucune faille de s\u00e9curit\u00e9 entra\u00eenant la perte de donn\u00e9es personnelles d\u2019aucun serveur CAM4 dans le monde. L&#8217;enqu\u00eate interne a conclu qu&#8217;aucune connexion aux serveurs CAM4 n&#8217;a \u00e9t\u00e9 \u00e9tablie apr\u00e8s la d\u00e9faillance du pare-feu qui a permis \u00e0 SafetyDetectives d\u2019acc\u00e9der au site.<\/p>\n<p>CAM4 prend la s\u00e9curit\u00e9 des donn\u00e9es et la s\u00e9curit\u00e9 de ses diffuseurs et de son public tr\u00e8s au s\u00e9rieux et dispose d&#8217;une \u00e9quipe de professionnels tri\u00e9s sur le volet qui surveillent l&#8217;int\u00e9grit\u00e9 du site \u00e0 chaque seconde de la journ\u00e9e. CAM4 continuera de faire preuve de diligence en ce qui concerne le suivi et r\u00e9pond chaque jour aux questions pour apaiser les inqui\u00e9tudes du public et de la communaut\u00e9 CAM4.<\/p>\n<p>Cr\u00e9\u00e9 en 2007, Cam4 est le premier site mondial de webcam amateur avec pr\u00e8s de 18 M d\u2019utilisateurs par jour et plus de 17.000 shows quotidiens.<\/p>\n<p>Pour toutes questions, nous sommes \u00e0 votre disposition : Christophe SORET: ousermatrera@yahoo.fr&#8221;<\/p>\n","protected":false},"excerpt":{"rendered":"<p>Hier (lundi 4 mai), plusieurs articles ont \u00e9t\u00e9 publi\u00e9s dans plusieurs m\u00e9dias rapportant qu&#8217;un peu moins de 11 millions de fichiers CAM4 avaient<\/p>\n","protected":false},"author":1,"featured_media":30573,"parent":0,"menu_order":0,"comment_status":"closed","ping_status":"closed","template":"","meta":[],"_links":{"self":[{"href":"https:\/\/fr.cam4.com\/blog\/wp-json\/wp\/v2\/pages\/30572"}],"collection":[{"href":"https:\/\/fr.cam4.com\/blog\/wp-json\/wp\/v2\/pages"}],"about":[{"href":"https:\/\/fr.cam4.com\/blog\/wp-json\/wp\/v2\/types\/page"}],"author":[{"embeddable":true,"href":"https:\/\/fr.cam4.com\/blog\/wp-json\/wp\/v2\/users\/1"}],"replies":[{"embeddable":true,"href":"https:\/\/fr.cam4.com\/blog\/wp-json\/wp\/v2\/comments?post=30572"}],"version-history":[{"count":0,"href":"https:\/\/fr.cam4.com\/blog\/wp-json\/wp\/v2\/pages\/30572\/revisions"}],"wp:featuredmedia":[{"embeddable":true,"href":"https:\/\/fr.cam4.com\/blog\/wp-json\/wp\/v2\/media\/30573"}],"wp:attachment":[{"href":"https:\/\/fr.cam4.com\/blog\/wp-json\/wp\/v2\/media?parent=30572"}],"curies":[{"name":"wp","href":"https:\/\/api.w.org\/{rel}","templated":true}]}}