{"id":27361,"date":"2019-07-05T19:39:57","date_gmt":"2019-07-05T17:39:57","guid":{"rendered":"https:\/\/fr.blogs.cam4.com\/?page_id=27361"},"modified":"2019-08-01T18:59:17","modified_gmt":"2019-08-01T16:59:17","slug":"concours-pour-webcameurses-vip-en-juillet-1200-de-prix-a-gagner","status":"publish","type":"page","link":"https:\/\/fr.cam4.com\/blog\/concours-pour-webcameurses-vip-en-juillet-1200-de-prix-a-gagner\/","title":{"rendered":"Concours pour webcameur(se)s VIP en juillet &#8211; 1200$ de prix \u00e0 gagner"},"content":{"rendered":"<h3 style=\"text-align: center;\"><span class=\"tlid-translation translation\" lang=\"fr\"><span class=\"\" title=\"\">En juillet, CAM4 lance pour ses TOP Performers un concours visant \u00e0 r\u00e9compenser ceux qui gagneront le plus: tous les webcameur(se)s auront la chance de se partager 1200$ de prix.<br \/>\n<\/span><\/span><\/h3>\n<p style=\"text-align: center;\"><a href=\"https:\/\/www.cam4.fr\/blog\/files\/2019\/07\/FR-VIP-OPERFORMER.jpg\"><img loading=\"lazy\" class=\"alignnone size-large wp-image-27362\" src=\"https:\/\/www.cam4.fr\/blog\/files\/2019\/07\/FR-VIP-OPERFORMER-1024x283.jpg\" alt=\"FR VIP OPERFORMER\" width=\"900\" height=\"249\" srcset=\"https:\/\/fr.cam4.com\/blog\/wp-content\/blogs.dir\/5\/files\/2019\/07\/FR-VIP-OPERFORMER-1024x283.jpg 1024w, https:\/\/fr.cam4.com\/blog\/wp-content\/blogs.dir\/5\/files\/2019\/07\/FR-VIP-OPERFORMER-300x83.jpg 300w, https:\/\/fr.cam4.com\/blog\/wp-content\/blogs.dir\/5\/files\/2019\/07\/FR-VIP-OPERFORMER-600x166.jpg 600w\" sizes=\"(max-width: 900px) 100vw, 900px\" \/><\/a><br \/>\n<strong><span class=\"tlid-translation translation\" lang=\"fr\"><span title=\"\">Tout ce que vous avez \u00e0 faire pour gagner est de diffuser et de gagner le plus possible<\/span> <span title=\"\">du 5 au 31 juillet.<\/span> <span class=\"\" title=\"\">\u00c0 la fin du mois, les 4 webcameur(se)s qui auront gagn\u00e9 le plus recevront des prix incroyables!<\/span><\/span><\/strong><\/p>\n<h3 style=\"text-align: center;\"><b data-id=\"entity-ember28078\"> <\/b>\u2728 <b data-id=\"entity-ember28079\">4 PRIX VIP CAM4 France\/Suisse\/Belgique VAINQUEURS<\/b>\u2728<\/h3>\n<h3 style=\"text-align: center;\">1\u00b0 prix: <strong>600$ <\/strong>? CASSY_CUM<\/h3>\n<h3 style=\"text-align: center;\">2\u00b0 <strong>prix 300$ ?\u00a0 MYMIESEXY<br \/>\n<\/strong><\/h3>\n<h3 style=\"text-align: center;\">3\u00b0 <strong>prix 200$ ? CHIENNETTE<br \/>\n<\/strong><\/h3>\n<h3 style=\"text-align: center;\">4\u00b0 <strong>prix 100$ \u00a0 ? AYLINN28<br \/>\n<\/strong><\/h3>\n<p style=\"text-align: center;\"><span class=\"tlid-translation translation\" lang=\"fr\"><span class=\"\" title=\"\">Les webcameur(se)s participant \u00e0 la course recevront des mises \u00e0 jour hebdomadaires\u00a0 via un message de notification sur CAM4.<\/span><\/span><\/p>\n<p style=\"text-align: center;\"><strong><em><span class=\"tlid-translation translation\" lang=\"fr\"><span class=\"\" title=\"\">ATTENTION!<\/span> <span class=\"\" title=\"\">Les envois de jetons entre comptes et les accords avec les utilisateurs et les webcameur(se)s ne seront pas autoris\u00e9s afin d&#8217;alt\u00e9rer les r\u00e9sultats du concours.<\/span><\/span>.<\/em><\/strong><\/p>\n<p><em><span class=\"tlid-translation translation\" lang=\"fr\"><strong><span title=\"\">R\u00e8glement<\/span><span title=\"\">:<\/span><\/strong><\/span><\/em><\/p>\n<p><span class=\"tlid-translation translation\" lang=\"fr\"><span title=\"\">&#8211; Les 4 webcameur(se)s les mieux r\u00e9mun\u00e9r\u00e9s remporteront les prix.<\/span><\/span><span class=\"tlid-translation translation\" lang=\"fr\"> <span title=\"\">Les gains provenant de bonus, prix et autres ajustements ne seront pas comptabilis\u00e9s.<\/span><br \/>\n<span title=\"\">&#8211; Le d\u00e9compte des gains commencera le vendredi 5 juillet et se terminera le mercredi 31 juillet 2019 * (heure du serveur: de 5h00 le 5 juillet \u00e0 5h00 au 1er ao\u00fbt) *.<\/span><br \/>\n<span title=\"\">&#8211; Seuls les webcameur(se)s avec des comptes approuv\u00e9s peuvent gagner des prix.<\/span><br \/>\n<span title=\"\">&#8211; Les laissez-passer ou les accords entre utilisateurs et webcameur(se)s ne sont pas autoris\u00e9s.<\/span> <span class=\"\" title=\"\">Les jetons d&#8217;autres comptes doivent \u00eatre d\u00e9clar\u00e9s par courrier \u00e9lectronique \u00e0 l&#8217;adresse suivante: cam4_fr@cam4.com<\/span><br \/>\n<span class=\"\" title=\"\">&#8211; Toute tentative de fraude entra\u00eenera l&#8217;exclusion du concours.<\/span><br \/>\n<span class=\"\" title=\"\">&#8211; Seuls les webcameur(se)s qui diffusent depuis la France, Suisse et Belgique sont autoris\u00e9s.<\/span><\/span><\/p>\n<p>&nbsp;<\/p>\n<hr \/>\n","protected":false},"excerpt":{"rendered":"<p>En juillet, CAM4 lance pour ses TOP Performers un concours visant \u00e0 r\u00e9compenser ceux qui gagneront le plus: tous les webcameur(se)s auront la<\/p>\n","protected":false},"author":1,"featured_media":0,"parent":0,"menu_order":0,"comment_status":"open","ping_status":"open","template":"","meta":[],"_links":{"self":[{"href":"https:\/\/fr.cam4.com\/blog\/wp-json\/wp\/v2\/pages\/27361"}],"collection":[{"href":"https:\/\/fr.cam4.com\/blog\/wp-json\/wp\/v2\/pages"}],"about":[{"href":"https:\/\/fr.cam4.com\/blog\/wp-json\/wp\/v2\/types\/page"}],"author":[{"embeddable":true,"href":"https:\/\/fr.cam4.com\/blog\/wp-json\/wp\/v2\/users\/1"}],"replies":[{"embeddable":true,"href":"https:\/\/fr.cam4.com\/blog\/wp-json\/wp\/v2\/comments?post=27361"}],"version-history":[{"count":0,"href":"https:\/\/fr.cam4.com\/blog\/wp-json\/wp\/v2\/pages\/27361\/revisions"}],"wp:attachment":[{"href":"https:\/\/fr.cam4.com\/blog\/wp-json\/wp\/v2\/media?parent=27361"}],"curies":[{"name":"wp","href":"https:\/\/api.w.org\/{rel}","templated":true}]}}